site number?
True
Is 41299 a composite number?
False
Is 7969 a composite number?
True
Is 180617 prime?
True
Is 146917 a composite number?
False
Is 66691 prime?
False
Is 593839 a prime number?
True
Is 22459 a composite number?
True
Is 209089 prime?
True
Is 9293 composite?
False
Is 730811 composite?
False
Is 213461 composite?
False
Is 7507 a prime number?
True
Is 17833 prime?
False
Is 66523 composite?
False
Is 16161 a prime number?
False
Is 16859 a prime number?
False
Is 409 composite?
False
Is 76333 prime?
True
Is 99005 composite?
True
Is 39791 a prime number?
True
Is 369013 a composite number?
False
Is 55381 a prime number?
True
Is 33247 a prime number?
True
Is 27991 composite?
True
Is 373089 a composite number?
True
Is 20783 composite?
True
Is 101307 a prime number?
False
Is 1543 composite?
False
Is 1468079 composite?
False
Is 319489 a prime number?
True
Is 89255 composite?
True
Is 163811 a prime number?
True
Is 481 prime?
False
Is 3163 a prime number?
True
Is 3761 prime?
True
Is 194141 a composite number?
False
Is 1684849 prime?
False
Is 1228801 composite?
True
Is 368174 prime?
False
Is 940127 a composite number?
False
Is 61689 prime?
False
Is 36371 a prime number?
False
Is 659 a composite number?
False
Is 478 prime?
False
Is 7369 prime?
True
Is 2242447 a prime number?
False
Is 1055 prime?
False
Is 571003 composite?
True
Is 919 composite?
False
Is 473663 prime?
False
Is 35195 a composite number?
True
Is 25097 a prime number?
True
Is 191779 prime?
False
Is 27415 prime?
False
Is 180794 prime?
False
Is 65393 prime?
True
Is 1812661 a prime number?
True
Is 346639 a prime number?
True
Is 56123 a prime number?
True
Is 1799933 composite?
True
Is 11887 composite?
False
Is 191861 composite?
False
Is 704683 a composite number?
True
Is 56159 a prime number?
False
Is 12637 prime?
True
Is 97033 a composite number?
True
Is 7933 composite?
False
Is 58481 composite?
False
Is 153613 prime?
False
Is 225241 prime?
True
Is 27785 a composite number?
True
Is 1089505 a prime number?
False
Is 18943 composite?
True
Is 1709 a prime number?
True
Is 3973 a composite number?
True
Is 503 a prime number?
True
Is 6833 a prime number?
True
Is 140521 prime?
True
Is 408623 a prime number?
True
Is 903865 prime?
False
Is 19303 a composite number?
True
Is 893 a prime number?
False
Is 43037 a composite number?
False
Is 1151 a composite number?
False
Is 869 composite?
True
Is 8247 composite?
True
Is 113519 a composite number?
True
Is 6353 prime?
True
Is 9677 a prime number?
True
Is 7829 a composite number?
False
Is 46459 a composite number?
True
Is 315781 composite?
True
Is 1400249 a prime number?
True
Is 1333849 prime?
False
Is 153589 a composite number?
False
Is 22199 composite?
True
Is 19165 a prime number?
False
Is 58403 a composite number?
False
Is 103 prime?
True
Is 35769 composite?
True
Is 8791 a prime number?
False
Is 73415 composite?
True
Is 6449 composite?
False
Is 12097 composite?
False
Is 143557 a composite number?
True
Is 144667 a prime number?
True
Is 21929 prime?
True
Is 13093 a composite number?
False
Is 275573 composite?
False
Is 62993 a prime number?
False
Is 2921 a composite number?
True
Is 11731 a composite number?
False
Is 5663 prime?
False
Is 16327 composite?
True
Is 423697 prime?
True
Is 19373 a composite number?
False
Is 7819 composite?
True
Is 50821 composite?
False
Is 3107 a prime number?
False
Is 5315 a prime number?
False
Is 19373 a prime number?
True
Is 10057 a prime number?
False
Is 2513 a prime number?
False
Is 1040597 a prime number?
True
Is 2154322 a composite number?
True
Is 87 a composite number?
True
Is 634195 prime?
False
Is 6029 a prime number?
True
Is 87613 composite?
False
Is 213449 composite?
False
Is 323735 composite?
True
Is 319 a prime number?
False
Is 332849 a composite number?
True
Is 385831 prime?
True
Is 19531 a prime number?
True
Is 84263 a prime number?
True
Is 22721 a prime number?
True
Is 134599 composite?
True
Is 617189 a composite number?
False
Is 634531 prime?
True
Is 332609 a prime number?
False
Is 347003 composite?
False
Is 827763 prime?
False
Is 564747 a composite number?
True
Is 10211 a composite number?
False
Is 1135531 a prime number?
True
Is 1279 a prime number?
True
Is 5597 prime?
False
Is 256169 a prime number?
True
Is 3127 composite?
True
Is 69281 composite?
True
Is 53 prime?
True
Is 807715 a composite number?
True
Is 50441 a prime number?
True
Is 27463 a prime number?
False
Is 1543127 a composite number?
False
Is 1012381 composite?
True
Is 30329 composite?
True
Is 6761 a prime number?
True
Is 1139 a composite number?
True
Is 4171 a prime number?
False
Is 12895 a composite number?
True
Is 751 composite?
False
Is 1200637 prime?
True
Is 25807 a prime number?
False
Is 134669 a composite number?
False
Is 12515 composite?
True
Is 134171 prime?
True
Is 854731 a composite number?
True
Is 259867 a composite number?
False
Is 17551 prime?
True
Is 1409 a composite number?
False
Is 52453 prime?
True
Is 23143 a composite number?
False
Is 43039 a composite number?
True
Is 8461 a composite number?
False
Is 16973 prime?
False
Is 15703 composite?
True
Is 1437 prime?
False
Is 150457 prime?
False
Is 28733 composite?
True
Is 21713 a composite number?
False
Is 15959 composite?
False
Is 24931 a composite number?
True
Is 24526 a prime number?
False
Is 267749 prime?
True
Is 42329 a composite number?
True
Is 317159 a composite number?
False
Is 98038 composite?
True
Is 41399 a prime number?
True
Is 21247 a prime number?
True
Is 51749 a composite number?
False
Is 303829 prime?
False
Is 63223 a composite number?
True
Is 21081 a prime number?
False
Is 60589 prime?
True
Is 1963 a prime number?
False
Is 22343 a prime number?
True
Is 50329 prime?
True
Is 137239 composite?
False
Is 340877 prime?
True
Is 82819 a composite number?
True
Is 18037 composite?
True
Is 4751 prime?
True
Is 24005 a composite number?
True
Is 2939 prime?
True
Is 457573 a composite number?
True
Is 5737 a prime number?
True
Is 705193 composite?
True
Is 2282849 composite?
False
Is 9041 prime?
True
Is 12847 composite?
True
Is 33403 composite?
False
Is 32313 composite?
True
Is 8597 prime?
True
Is 52859 prime?
True
Is 4931 composite?
False
Is 3174157 a composite number?
True
Is 734419 composite?
True
Is 8081 a composite number?
False
Is 10681 a composite number?
True
Is 67547 a composite number?
False
Is 263479 composite?
True
Is 5333 a composite number?
False
Is 1180501 a prime number?
False
Is 3979 prime?
False
Is 67171 a composite number?
True
Is 527489 a prime number?
True
Is 166289 composite?
False
Is 482311 a composite number?
True
Is 231487 prime?
False
Is 66811 prime?
False
Is 38543 composite?
False
Is 89171 prime?
False
Is 1877669 prime?
True
Is 18317 a prime number?
False
Is 1742233 a composite number?
True
Is 1306355 a prime number?
False
Is 5839 a prime number?
True
Is 13441 a composite number?
False
Is 986693 composite?
False
Is 199103 prime?
True
Is 149458 composite?
True
Is 428483 composite?
True
Is 13963 prime?
True
Is 743317 composite?
True
Is 179519 prime?
True
Is 34702 a prime number?
False
Is 5207 a prime number?
False
Is 827581 composite?
False
Is 13975897 a prime number?
False
Is 19451 prime?
False
Is 46559 prime?
True
Is 39757 a composite number?
True
Is 32819 a prime number?
False
Is 11197 prime?
True
Is 967 prime?
True
Is 71693 a prime number?
True
Is 217357 prime?
False
Is 454991 composite?
False
Is 93 a prime number?
False
Is 14519 prime?
True
Is 11885 a composite number?
True
Is 340957 composite?
False
Is 51563 a prime number?
True
Is 3277 composite?
True
Is 6421 a prime number?
True
Is 65407 prime?
True
Is 2833 composite?
False
Is 490697 prime?
True
Is 46855 a prime number?
False
Is 243833 a composite number?
True
Is 63677 a prime number?
False
Is 32297 composite?
False
Is 267 composite?
True
Is 16411 composite?
False
Is 12097 prime?
True
Is 53545 a prime number?
False
Is 13283 a prime number?
False
Is 4798 a prime number?
False
Is 20841 a prime number?
False
Is 17463 a prime number?
False
Is 2121979 composite?
False
Is 47543 composite?
False
Is 858269 composite?
False
Is 193423 a composite number?
False
Is 69109 composite?
False
Is 132241 a composite number?
False
Is 1257331 a prime number?
True
Is 1004963 a prime number?
True
Is 354381 a prime numbe